{"id":97,"date":"2016-09-18T19:32:59","date_gmt":"2016-09-18T16:32:59","guid":{"rendered":"http:\/\/ozgoksu.com.tr\/?page_id=97"},"modified":"2024-02-23T13:29:22","modified_gmt":"2024-02-23T10:29:22","slug":"destek-hizmeti","status":"publish","type":"page","link":"https:\/\/ozgokglobal.com.tr\/?page_id=97","title":{"rendered":"Destek Hizmeti"},"content":{"rendered":"<div class=\"row\">\n<div class=\"col-md-12\">\n<h1>G\u00fcmr\u00fck Mevzuat\u0131<\/h1>\n<\/div>\n<\/div>\n<div id=\"m-blog-content\" class=\"col-md-12\">\n<div class=\"row\">\n<div class=\"col-md-12\">\n<article class=\"item\">\n<div>\u00d6ZG\u00d6K G\u00dcMR\u00dcK M\u00dc\u015eAV\u0130RL\u0130\u011e\u0130 i\u00e7in do\u011fru ileti\u015fim felsefesi ve bilgilendirme vazge\u00e7ilmez \u00f6nem arzetmektedir. \u0130\u015fte bu bak\u0131\u015fla \u00a0<strong>G\u00fcmr\u00fck Mevzuat\u0131,<\/strong> prosed\u00fcrler, uygulama, kanun, hakk\u0131nda <strong>g\u00fcmr\u00fck mevzuat\u0131 de\u011fi\u015fiklik ve yenilikleri<\/strong> \u00d6ZG\u00d6K G\u00dcMR\u00dcK M\u00dc\u015eAV\u0130RL\u0130\u011e\u0130 taraf\u0131ndan takip edilmekte ve t\u00fcm g\u00fcmr\u00fckleme hizmetlerinin yerine getirilmesinde m\u00fc\u015fterilerimiz lehine en uygun mevzuat i\u00e7erikleri do\u011frultusunda hareket edilmektedir.<\/div>\n<div><\/div>\n<div>Mevzuat \u00f6ncelikli ve detayl\u0131 yakla\u015f\u0131m\u0131m\u0131zla m\u00fc\u015fterilerimiz ilgili kurumlar nezdinde y\u00fcksek bilgi seviyesinde temsil edilirler. Bu hizmetlerimiz <span style=\"color: #ff6600;\">ozgokglobal.com.tr<\/span>\u00a0web sitemizde d\u00fczenli olarak m\u00fc\u015fterilerimize \u00f6zel derleyerek yay\u0131mlad\u0131\u011f\u0131m\u0131z <strong>g\u00fcmr\u00fck mevzuat de\u011fi\u015fiklikleri, <\/strong>duyurular vb i\u00e7eriklerle desteklenmekte, m\u00fc\u015fterilerimizin e postalar\u0131na g\u00f6nderilmektedir<\/p>\n<div class=\"row\">\n<div class=\"col-md-12\">\n<h1>E\u011fitim<\/h1>\n<\/div>\n<\/div>\n<div id=\"m-blog-content\" class=\"col-md-12\">\n<div class=\"row\">\n<div class=\"col-md-12\">\n<article class=\"item\">\n<div>Art\u0131k g\u00fcn\u00fcm\u00fczde herkesin her \u015feyi bildi\u011fi bir d\u00f6nem de\u011fil uzmanla\u015fman\u0131n \u00f6n planda oldu\u011fu bir d\u00f6nem ya\u015fanmaktad\u0131r ve G\u00fcmr\u00fck M\u00fc\u015favirli\u011fi de sadece uzmanlar\u0131n i\u015fidir.<\/div>\n<div><\/div>\n<div>\u00d6ZG\u00d6K G\u00dcMR\u00dcK M\u00dc\u015eAV\u0130RL\u0130\u011e\u0130 ihtiya\u00e7lara g\u00f6re <strong>G\u00fcmr\u00fck, D\u0131\u015fticaret E\u011fitim <\/strong>etkinlikleri d\u00fczenlemekte, M\u00fc\u015fterilerinin her t\u00fcrl\u00fc bilgi gereksinimine \u00e7\u00f6z\u00fcmler sunmaktad\u0131r.<\/div>\n<\/article>\n<\/div>\n<\/div>\n<\/div>\n<\/div>\n<\/article>\n<\/div>\n<\/div>\n<\/div>\n","protected":false},"excerpt":{"rendered":"<p>G\u00fcmr\u00fck Mevzuat\u0131 \u00d6ZG\u00d6K G\u00dcMR\u00dcK M\u00dc\u015eAV\u0130RL\u0130\u011e\u0130 i\u00e7in do\u011fru ileti\u015fim felsefesi ve bilgilendirme vazge\u00e7ilmez \u00f6nem arzetmektedir. \u0130\u015fte bu bak\u0131\u015fla \u00a0G\u00fcmr\u00fck Mevzuat\u0131, prosed\u00fcrler, uygulama, kanun, hakk\u0131nda g\u00fcmr\u00fck mevzuat\u0131 de\u011fi\u015fiklik ve yenilikleri \u00d6ZG\u00d6K G\u00dcMR\u00dcK M\u00dc\u015eAV\u0130RL\u0130\u011e\u0130 taraf\u0131ndan takip edilmekte ve t\u00fcm g\u00fcmr\u00fckleme hizmetlerinin yerine getirilmesinde m\u00fc\u015fterilerimiz lehine en uygun mevzuat i\u00e7erikleri do\u011frultusunda hareket edilmektedir. Mevzuat \u00f6ncelikli ve detayl\u0131 yakla\u015f\u0131m\u0131m\u0131zla m\u00fc\u015fterilerimiz [&hellip;]<\/p>\n","protected":false},"author":1,"featured_media":0,"parent":0,"menu_order":0,"comment_status":"open","ping_status":"open","template":"","meta":{"footnotes":""},"_links":{"self":[{"href":"https:\/\/ozgokglobal.com.tr\/index.php?rest_route=\/wp\/v2\/pages\/97"}],"collection":[{"href":"https:\/\/ozgokglobal.com.tr\/index.php?rest_route=\/wp\/v2\/pages"}],"about":[{"href":"https:\/\/ozgokglobal.com.tr\/index.php?rest_route=\/wp\/v2\/types\/page"}],"author":[{"embeddable":true,"href":"https:\/\/ozgokglobal.com.tr\/index.php?rest_route=\/wp\/v2\/users\/1"}],"replies":[{"embeddable":true,"href":"https:\/\/ozgokglobal.com.tr\/index.php?rest_route=%2Fwp%2Fv2%2Fcomments&post=97"}],"version-history":[{"count":5,"href":"https:\/\/ozgokglobal.com.tr\/index.php?rest_route=\/wp\/v2\/pages\/97\/revisions"}],"predecessor-version":[{"id":186,"href":"https:\/\/ozgokglobal.com.tr\/index.php?rest_route=\/wp\/v2\/pages\/97\/revisions\/186"}],"wp:attachment":[{"href":"https:\/\/ozgokglobal.com.tr\/index.php?rest_route=%2Fwp%2Fv2%2Fmedia&parent=97"}],"curies":[{"name":"wp","href":"https:\/\/api.w.org\/{rel}","templated":true}]}}