{"id":85,"date":"2016-09-18T19:24:17","date_gmt":"2016-09-18T16:24:17","guid":{"rendered":"http:\/\/ozgoksu.com.tr\/?page_id=85"},"modified":"2024-02-23T13:26:44","modified_gmt":"2024-02-23T10:26:44","slug":"ithalat-ihracat","status":"publish","type":"page","link":"https:\/\/ozgokglobal.com.tr\/?page_id=85","title":{"rendered":"\u0130thalat-\u0130hracat"},"content":{"rendered":"<div><strong>B\u00fct\u00fcnsel Hizmet Anlay\u0131\u015f\u0131 ile H\u0131zl\u0131 ve Sorunsuz \u0130hracat<\/strong><\/div>\n<div><\/div>\n<div>\u0130hracat detaylar\u0131n\u0131n taraf\u0131m\u0131za iletilmesinden sonra t\u00fcm G\u00fcmr\u00fck \u0130hracat \u0130\u015flemleri \u00a0a\u015fa\u011f\u0131daki i\u015f ak\u0131\u015f\u0131na g\u00f6re \u00d6ZG\u00d6K G\u00dcMR\u00dcK M\u00dc\u015eAV\u0130RL\u0130\u011e\u0130 taraf\u0131ndan takip edilip sonu\u00e7land\u0131r\u0131lmaktad\u0131r.<\/div>\n<div><\/div>\n<div><strong>\u0130\u015f Ak\u0131\u015f\u0131\u00a0(ihracat)\u00a0<\/strong><\/div>\n<div><\/div>\n<div>\u00c7eki listesi, \u0130nvoice, T\u00fcrk\u00e7e faturan\u0131n haz\u0131rlanmas\u0131<\/div>\n<div>\u0130hracat Mevzuat ve tarifelendirme<\/div>\n<div>\u0130hracat Beyannemesi nin elektronik ortamda h\u0131zl\u0131 \u015fekilde olu\u015fturulup online tes\u00e7ili<\/div>\n<div>T\u00fcm G\u00fcmr\u00fck \u0130hracat masraflar\u0131n\u0131n \u00f6denmesi<\/div>\n<div>G\u00fcmr\u00fck m\u00fcd\u00fcrl\u00fcklerinde ilgili G\u00fcmr\u00fck \u0130\u015flemleri ad\u0131mlar\u0131n\u0131n takibi ve neticelendirilmesi<\/div>\n<div>Yurt d\u0131\u015f\u0131na gidecek evraklar\u0131n \u00f6zel bat\u0131bay zarf\u0131yla nakliyeciye imza kar\u015f\u0131l\u0131\u011f\u0131nda teslimi<\/div>\n<div>Dosyan\u0131z\u0131n t\u00fcm G\u00fcmr\u00fck Evraklar\u0131 n\u0131n dijital ar\u015fiv sistemimize aktar\u0131lmas\u0131<\/div>\n<div>Tek bir hizmet faturas\u0131 ve dekontla t\u00fcm masraflar\u0131n anla\u015f\u0131l\u0131r \u015fekilde muhasebele\u015ftirilmesi<\/div>\n<div>Barkodlu ve etiketli \u00f6zel \u00d6ZG\u00d6K G\u00dcMR\u00dcK M\u00dc\u015eAV\u0130RL\u0130\u011e\u0130 dosyam\u0131zla t\u00fcm \u0130hracat evraklar\u0131n\u0131n kapal\u0131 zarf i\u00e7erisinde taraf\u0131n\u0131za teslimi<\/div>\n<div><\/div>\n<div><\/div>\n<div>\n<div><strong>\u0130\u015f Ak\u0131\u015f\u0131 (ithalat)<\/strong><\/div>\n<div>Ordinonun taraf\u0131m\u0131zca temi edilmesi (Damga vergisi \u00f6denerek)<\/div>\n<div>\u0130thalat Mevzuat ve tarifelendirme<\/div>\n<div>Taslak \u0130thalat Beyannemesi ve vergi oranlar\u0131n\u0131n haz\u0131rlanmas\u0131<\/div>\n<div>Detayl\u0131 vergi ve masraf tablosunun elektronik ortamda taraf\u0131n\u0131za bildirilmesi<\/div>\n<div>Talebe g\u00f6re nakliyat sigorta poli\u00e7elerinin taraf\u0131m\u0131zca d\u00fczenlenmesi<\/div>\n<div>\u0130thalat Beyannamesi nin elektronik ortamda ve direkt G\u00fcmr\u00fck ba\u011flant\u0131s\u0131 kullan\u0131larak h\u0131zl\u0131 \u015fekilde tes\u00e7ili<\/div>\n<div>T\u00fcm \u0130thalat masraflar\u0131 ve G\u00fcmr\u00fck Vergileri taraf\u0131m\u0131zca \u00f6denmesi<\/div>\n<div>G\u00fcmr\u00fck M\u00fcd\u00fcrl\u00fc\u011f\u00fc \/ Antrepo dan e\u015fyan\u0131n ili\u015fi\u011finin kesilmesi<\/div>\n<div>Sevk fi\u015fiyle e\u015fyan\u0131n eksiksiz olarak nakliyeciye teslimi<\/div>\n<div>Nakliye organizasyonunun yap\u0131larak adrese teslim<\/div>\n<div>Dosyan\u0131z\u0131n t\u00fcm evraklar\u0131n\u0131n dijital ar\u015fiv sistemimize aktar\u0131lmas\u0131 (M\u00fc\u015fterilerimizin \u015fifreyle eri\u015fimine a\u00e7\u0131k ve \u00fccretsizdir)<\/div>\n<div>Tek bir hizmet faturas\u0131 ve dekontla t\u00fcm \u0130thalat Masraflar\u0131n\u0131n anla\u015f\u0131l\u0131r \u015fekilde muhasebele\u015ftirilmesi<\/div>\n<div>Barkodlu ve etiketli \u00f6zel bat\u0131bay dosyam\u0131zla t\u00fcm evraklar\u0131n kapal\u0131 zarf i\u00e7erisinde taraf\u0131n\u0131za teslimi<\/div>\n<div><\/div>\n<\/div>\n<div><\/div>\n<div><span style=\"text-decoration: underline;\"><strong>Siz sadece ihracat detay\u0131n\u0131z\u0131 taraf\u0131m\u0131za bildirin. Gerisini \u00d6ZG\u00d6K G\u00dcMR\u00dcK M\u00dc\u015eAV\u0130RL\u0130\u011e\u0130 halletsin.<\/strong><\/span><\/div>\n<div><\/div>\n<div>\n<div>\u00d6ZG\u00d6K G\u00dcMR\u00dcK M\u00dc\u015eAV\u0130RL\u0130\u011e\u0130, \u0130SO 9001:200 Kalite Y\u00f6netim Sistemi kapsam\u0131nda t\u00fcm G\u00fcmr\u00fck \u0130hracat i\u015flem s\u00fcre\u00e7leri standardize edilmi\u015ftir ve her dosyan\u0131n i\u015f ak\u0131\u015f ad\u0131mlar\u0131 elektronik \u00a0ortamda kay\u0131t alt\u0131na al\u0131nmaktad\u0131r<\/div>\n<div><\/div>\n<div>G\u00fcmr\u00fck \u0130hracat Beyannamesi tescil edildi\u011finde tescil bilgileri otomatik olarak taraf\u0131n\u0131za mail ile bildirilmektedir<\/div>\n<div><\/div>\n<div>\u0130\u015f takibi G\u00fcmr\u00fck m\u00fcd\u00fcrl\u00fcklerinde s\u00fcrekli g\u00f6rev ba\u015f\u0131nda bulunan G\u00fcmr\u00fck M\u00fc\u015favir Yard\u0131mc\u0131 izin belgeli ve<\/div>\n<div>konusunda uzman \u00d6ZG\u00d6K G\u00dcMR\u00dcK M\u00dc\u015eAV\u0130RL\u0130\u011e\u0130 personeli taraf\u0131ndan y\u00fcr\u00fct\u00fclmektedir.<\/div>\n<\/div>\n","protected":false},"excerpt":{"rendered":"<p>B\u00fct\u00fcnsel Hizmet Anlay\u0131\u015f\u0131 ile H\u0131zl\u0131 ve Sorunsuz \u0130hracat \u0130hracat detaylar\u0131n\u0131n taraf\u0131m\u0131za iletilmesinden sonra t\u00fcm G\u00fcmr\u00fck \u0130hracat \u0130\u015flemleri \u00a0a\u015fa\u011f\u0131daki i\u015f ak\u0131\u015f\u0131na g\u00f6re \u00d6ZG\u00d6K G\u00dcMR\u00dcK M\u00dc\u015eAV\u0130RL\u0130\u011e\u0130 taraf\u0131ndan takip edilip sonu\u00e7land\u0131r\u0131lmaktad\u0131r. \u0130\u015f Ak\u0131\u015f\u0131\u00a0(ihracat)\u00a0 \u00c7eki listesi, \u0130nvoice, T\u00fcrk\u00e7e faturan\u0131n haz\u0131rlanmas\u0131 \u0130hracat Mevzuat ve tarifelendirme \u0130hracat Beyannemesi nin elektronik ortamda h\u0131zl\u0131 \u015fekilde olu\u015fturulup online tes\u00e7ili T\u00fcm G\u00fcmr\u00fck \u0130hracat masraflar\u0131n\u0131n \u00f6denmesi [&hellip;]<\/p>\n","protected":false},"author":1,"featured_media":0,"parent":0,"menu_order":0,"comment_status":"open","ping_status":"open","template":"","meta":{"footnotes":""},"_links":{"self":[{"href":"https:\/\/ozgokglobal.com.tr\/index.php?rest_route=\/wp\/v2\/pages\/85"}],"collection":[{"href":"https:\/\/ozgokglobal.com.tr\/index.php?rest_route=\/wp\/v2\/pages"}],"about":[{"href":"https:\/\/ozgokglobal.com.tr\/index.php?rest_route=\/wp\/v2\/types\/page"}],"author":[{"embeddable":true,"href":"https:\/\/ozgokglobal.com.tr\/index.php?rest_route=\/wp\/v2\/users\/1"}],"replies":[{"embeddable":true,"href":"https:\/\/ozgokglobal.com.tr\/index.php?rest_route=%2Fwp%2Fv2%2Fcomments&post=85"}],"version-history":[{"count":13,"href":"https:\/\/ozgokglobal.com.tr\/index.php?rest_route=\/wp\/v2\/pages\/85\/revisions"}],"predecessor-version":[{"id":184,"href":"https:\/\/ozgokglobal.com.tr\/index.php?rest_route=\/wp\/v2\/pages\/85\/revisions\/184"}],"wp:attachment":[{"href":"https:\/\/ozgokglobal.com.tr\/index.php?rest_route=%2Fwp%2Fv2%2Fmedia&parent=85"}],"curies":[{"name":"wp","href":"https:\/\/api.w.org\/{rel}","templated":true}]}}