{"id":173,"date":"2024-02-23T12:57:58","date_gmt":"2024-02-23T09:57:58","guid":{"rendered":"https:\/\/ozgokglobal.com.tr\/?page_id=173"},"modified":"2024-02-23T12:57:58","modified_gmt":"2024-02-23T09:57:58","slug":"misyonumuz-vizyonumuz","status":"publish","type":"page","link":"https:\/\/ozgokglobal.com.tr\/?page_id=173","title":{"rendered":"Misyonumuz &#038; Vizyonumuz"},"content":{"rendered":"\n<p><strong>\u00d6ZG\u00d6K &nbsp;G\u00dcMR\u00dcK M\u00dc\u015eAV\u0130RL\u0130\u011e\u0130<\/strong>, \u00fclkemizin g\u00fcnden g\u00fcne geli\u015fmekte olan uluslararas\u0131 ticaret hacminin \u00f6nemini iyi bilen; buna ba\u011fl\u0131 olarak geli\u015fen, bu hacme cevap verebilecek bilgi, teknoloji, tecr\u00fcbeye ve duyarl\u0131 bir y\u00f6netim anlay\u0131\u015f\u0131na sahip donan\u0131ml\u0131 bir \u015firkettir. Bu \u00f6zellikleri ile sekt\u00f6rde \u00f6nc\u00fc firmalar aras\u0131nda yer almaktad\u0131r.&nbsp;<br><br>Ba\u015fl\u0131ca prensiplerimiz;<br><br>\u00bb&nbsp;Kalite odakl\u0131, h\u0131zl\u0131 ve hatas\u0131z hizmet anlay\u0131\u015f\u0131yla m\u00fc\u015fteri memnuniyetini en \u00fcst seviyeye getirmek ve s\u00fcreklili\u011fini sa\u011flamak<br>\u00bb&nbsp;G\u00fcmr\u00fck M\u00fc\u015favirlik i\u015flemlerinin her a\u015famas\u0131nda h\u0131zl\u0131, yasal, g\u00fcvenilir g\u00fcmr\u00fckleme hizmeti vermek,<br>\u00bb&nbsp;Hedeflerine, olumlu bak\u0131\u015f a\u00e7\u0131s\u0131, yarat\u0131c\u0131l\u0131k, \u015feffafl\u0131k, kendine g\u00fcven ve ekip \u00e7al\u0131\u015fmas\u0131 ile en h\u0131zl\u0131 \u015fekilde varmak<br>\u00bb&nbsp;\u00c7al\u0131\u015fanlar\u0131n dinamik bir yap\u0131 i\u00e7inde kat\u0131l\u0131mc\u0131 faaliyetleri ile maksimum m\u00fc\u015fteri tatmini ve rekabet \u00fcst\u00fcnl\u00fc\u011f\u00fc sa\u011flamak<br>\u00bb&nbsp;Kalitenin sa\u011flanmas\u0131nda en \u00f6nemli kayna\u011f\u0131n insan oldu\u011fu inanc\u0131ndan yola \u00e7\u0131karak, personele d\u00f6n\u00fck d\u00fczenli e\u011fitim imkan\u0131 sunmak<br>\u00bb&nbsp;Uzmanl\u0131\u011f\u0131n\u0131 h\u0131zla geli\u015fen teknoloji ile birle\u015ftiren profesyonel ekip kurmakt\u0131r.<\/p>\n","protected":false},"excerpt":{"rendered":"<p>\u00d6ZG\u00d6K &nbsp;G\u00dcMR\u00dcK M\u00dc\u015eAV\u0130RL\u0130\u011e\u0130, \u00fclkemizin g\u00fcnden g\u00fcne geli\u015fmekte olan uluslararas\u0131 ticaret hacminin \u00f6nemini iyi bilen; buna ba\u011fl\u0131 olarak geli\u015fen, bu hacme cevap verebilecek bilgi, teknoloji, tecr\u00fcbeye ve duyarl\u0131 bir y\u00f6netim anlay\u0131\u015f\u0131na sahip donan\u0131ml\u0131 bir \u015firkettir. Bu \u00f6zellikleri ile sekt\u00f6rde \u00f6nc\u00fc firmalar aras\u0131nda yer almaktad\u0131r.&nbsp; Ba\u015fl\u0131ca prensiplerimiz; \u00bb&nbsp;Kalite odakl\u0131, h\u0131zl\u0131 ve hatas\u0131z hizmet anlay\u0131\u015f\u0131yla m\u00fc\u015fteri memnuniyetini en [&hellip;]<\/p>\n","protected":false},"author":1,"featured_media":0,"parent":0,"menu_order":0,"comment_status":"closed","ping_status":"closed","template":"","meta":{"footnotes":""},"_links":{"self":[{"href":"https:\/\/ozgokglobal.com.tr\/index.php?rest_route=\/wp\/v2\/pages\/173"}],"collection":[{"href":"https:\/\/ozgokglobal.com.tr\/index.php?rest_route=\/wp\/v2\/pages"}],"about":[{"href":"https:\/\/ozgokglobal.com.tr\/index.php?rest_route=\/wp\/v2\/types\/page"}],"author":[{"embeddable":true,"href":"https:\/\/ozgokglobal.com.tr\/index.php?rest_route=\/wp\/v2\/users\/1"}],"replies":[{"embeddable":true,"href":"https:\/\/ozgokglobal.com.tr\/index.php?rest_route=%2Fwp%2Fv2%2Fcomments&post=173"}],"version-history":[{"count":1,"href":"https:\/\/ozgokglobal.com.tr\/index.php?rest_route=\/wp\/v2\/pages\/173\/revisions"}],"predecessor-version":[{"id":174,"href":"https:\/\/ozgokglobal.com.tr\/index.php?rest_route=\/wp\/v2\/pages\/173\/revisions\/174"}],"wp:attachment":[{"href":"https:\/\/ozgokglobal.com.tr\/index.php?rest_route=%2Fwp%2Fv2%2Fmedia&parent=173"}],"curies":[{"name":"wp","href":"https:\/\/api.w.org\/{rel}","templated":true}]}}