{"id":154,"date":"2016-09-21T09:20:56","date_gmt":"2016-09-21T06:20:56","guid":{"rendered":"http:\/\/ozgoksu.com.tr\/?page_id=154"},"modified":"2016-09-21T09:23:06","modified_gmt":"2016-09-21T06:23:06","slug":"denizyolu-tasimaciligi","status":"publish","type":"page","link":"http:\/\/ozgokglobal.com.tr\/?page_id=154","title":{"rendered":"Denizyolu Ta\u015f\u0131mac\u0131l\u0131\u011f\u0131"},"content":{"rendered":"<p><img loading=\"lazy\" decoding=\"async\" class=\"wp-image-157 size-medium alignleft\" src=\"http:\/\/ozgoksu.com.tr\/wp-content\/uploads\/2016\/09\/deniz-300x182.jpg\" width=\"300\" height=\"182\" srcset=\"http:\/\/ozgokglobal.com.tr\/wp-content\/uploads\/2016\/09\/deniz-300x182.jpg 300w, http:\/\/ozgokglobal.com.tr\/wp-content\/uploads\/2016\/09\/deniz.jpg 690w\" sizes=\"(max-width: 300px) 100vw, 300px\" \/>G\u00fcn\u00fcm\u00fczde i\u015fletmeler rekabet avantaj\u0131n\u0131 sa\u011flayabilmek i\u00e7in kaliteli \u00fcretim yapmalar\u0131 yeterli de\u011fildir. \u00dcretimi yap\u0131lan mallar\u0131 t\u00fcketiciye en k\u0131sa zamanda, g\u00fcvenilir ve ekonomik bir bi\u00e7imde ula\u015ft\u0131rmalar\u0131da gerekmektedir. T\u00fcketiciye uygun zamanda ve istenilen yerde hizmet sunabilmek i\u00e7in g\u00fcn\u00fcm\u00fczde lojistik firmalar\u0131n\u0131n \u00f6nemi yads\u0131namaz. \u00d6zellikle liman \u00fclkesi olan T\u00fcrkiye\u2019de deniz yolu ile ta\u015f\u0131mac\u0131l\u0131k en avantajl\u0131 ta\u015f\u0131mac\u0131l\u0131k y\u00f6ntemlerinden biridir. Gerek maliyetinin hava ve karayoluna g\u00f6re d\u00fc\u015f\u00fck olmas\u0131, gerekse ta\u015f\u0131ma hacminin b\u00fcy\u00fck olmas\u0131ndan dolay\u0131, ula\u015ft\u0131rmada \u00f6nemli bir yere sahiptir. Deniz yolu ta\u015f\u0131mac\u0131l\u0131\u011f\u0131n\u0131n en \u00f6nemli ta\u015f\u0131ma arac\u0131 olan gemiler, d\u00f6kme ve s\u0131v\u0131 y\u00fck ile konteyner ta\u015f\u0131mac\u0131l\u0131\u011f\u0131nda kullan\u0131lmaktad\u0131r.<\/p>\n","protected":false},"excerpt":{"rendered":"<p>G\u00fcn\u00fcm\u00fczde i\u015fletmeler rekabet avantaj\u0131n\u0131 sa\u011flayabilmek i\u00e7in kaliteli \u00fcretim yapmalar\u0131 yeterli de\u011fildir. \u00dcretimi yap\u0131lan mallar\u0131 t\u00fcketiciye en k\u0131sa zamanda, g\u00fcvenilir ve ekonomik bir bi\u00e7imde ula\u015ft\u0131rmalar\u0131da gerekmektedir. T\u00fcketiciye uygun zamanda ve istenilen yerde hizmet sunabilmek i\u00e7in g\u00fcn\u00fcm\u00fczde lojistik firmalar\u0131n\u0131n \u00f6nemi yads\u0131namaz. \u00d6zellikle liman \u00fclkesi olan T\u00fcrkiye\u2019de deniz yolu ile ta\u015f\u0131mac\u0131l\u0131k en avantajl\u0131 ta\u015f\u0131mac\u0131l\u0131k y\u00f6ntemlerinden biridir. Gerek maliyetinin [&hellip;]<\/p>\n","protected":false},"author":1,"featured_media":0,"parent":0,"menu_order":0,"comment_status":"closed","ping_status":"closed","template":"","meta":{"footnotes":""},"_links":{"self":[{"href":"http:\/\/ozgokglobal.com.tr\/index.php?rest_route=\/wp\/v2\/pages\/154"}],"collection":[{"href":"http:\/\/ozgokglobal.com.tr\/index.php?rest_route=\/wp\/v2\/pages"}],"about":[{"href":"http:\/\/ozgokglobal.com.tr\/index.php?rest_route=\/wp\/v2\/types\/page"}],"author":[{"embeddable":true,"href":"http:\/\/ozgokglobal.com.tr\/index.php?rest_route=\/wp\/v2\/users\/1"}],"replies":[{"embeddable":true,"href":"http:\/\/ozgokglobal.com.tr\/index.php?rest_route=%2Fwp%2Fv2%2Fcomments&post=154"}],"version-history":[{"count":3,"href":"http:\/\/ozgokglobal.com.tr\/index.php?rest_route=\/wp\/v2\/pages\/154\/revisions"}],"predecessor-version":[{"id":159,"href":"http:\/\/ozgokglobal.com.tr\/index.php?rest_route=\/wp\/v2\/pages\/154\/revisions\/159"}],"wp:attachment":[{"href":"http:\/\/ozgokglobal.com.tr\/index.php?rest_route=%2Fwp%2Fv2%2Fmedia&parent=154"}],"curies":[{"name":"wp","href":"https:\/\/api.w.org\/{rel}","templated":true}]}}